.
-35
Let v(x) be the third derivative of x**6/120 + x**5/30 - 5*x**4/24 + 2*x**3/3 - 5*x**2. Let p be v(1). Let n(i) = -8*i + 1. Calculate n(p).
-15
Suppose 2*u = -2, -5*z = 26*u - 14*u + 12. Let f(h) = -h**2 + 25*h + 1. Give f(z).
1
Suppose -k - 12 = -3*k. Let x(z) = -z**3 + 4*z**2 + 12*z + 2. Let j be x(k). Let h(q) = 0*q**j + 2*q**2 + 6*q + 3*q - 8*q - 2. Give h(-2).
4
Let s(i) = -2*i**2 - 7*i - 9. Let w(y) = y**2 - y. Let r(v) = -s(v) - w(v). Let b = -35355 + 35349. What is r(b)?
-3
Let n(c) = c**3 + 18*c**2 - 17*c + 21. Let p be 3*2/8*12 - 28. What is n(p)?
-17
Let l(r) = -r + 11. Let w be l(6). Let x(n) = 1076 - 7*n - 1074 + n + 6*n - 4*n. Give x(w).
-18
Let y be 4*-9*(-44)/8. Let c = 202 - y. Let v(d) = d**2 - 2*d + 1. Give v(c).
9
Suppose l + 7 + 9 = -2*b, -6*l = 4*b + 56. Let v(q) = -5*q - 42. Determine v(b).
-17
Let d(i) = i**3 + 5 - 118*i**2 + 61*i**2 - 4*i**3 + 56*i**2 + 2*i**3. Give d(2).
-7
Let p(s) = -4*s**3 - 13*s**2 + 2*s - 10. Let l(q) = -q**3 - 12*q**2 - 126*q - 1064. Let z be l(-10). What is p(z)?
30
Let r be (-31)/((-93)/(-180))*(-5 - -3). Let y = r - 134. Let m(q) = q**2 + 14*q - 2. What is m(y)?
-2
Let b(h) be the second derivative of 5*h**3/6 - 79*h**2/2 - 1003*h. What is b(14)?
-9
Let v(y) = 8*y - 91. Let m be 6*((-18)/(-45))/((4 + -5)/(-5)). What is v(m)?
5
Let v(t) = -5*t - 9. Let u = 4386 - 4387. Calculate v(u).
-4
Let l(y) be the first derivative of y**3/3 - 41*y + 2198. What is l(-6)?
-5
Let f = 73777 - 73777. Let o(p) = p + 3 + 3*p - p. What is o(f)?
3
Let l(p) be the third derivative of 1/15*p**5 + 0*p**3 + 39*p**2 + 0*p + 0 + 1/24*p**4. Calculate l(-2).
14
Let r(y) = 49*y - 104. Let k(m) = 217*m - 418. Let n(g) = 2*k(g) - 9*r(g). Give n(13).
9
Suppose -12*f + 7*f + 15 = 0. Suppose 2*a + f*s - 25 = 0, -5*a + 2*s + 10 = -s. Let w be ((-45)/2)/a*2. Let q(h) = -h**2 - 9*h + 5. What is q(w)?
5
Let j(d) be the third derivative of -d**4/3 + d**3 + 4*d**2 - 283*d. Suppose 0*u = 3*u - 15. Give j(u).
-34
Let d(s) = 19*s**3 + 2*s - 1. Let r(y) = -48*y**3 - 3*y + 1. Let f(a) = -5*d(a) - 2*r(a). What is f(-4)?
-45
Let x = 2822 - 2824. Let v(a) = -9*a**2 - a + 3. What is v(x)?
-31
Let c = 827 - 821. Let v(m) = 80*m**2 - 6*m - 35*m**2 + 9 - 44*m**2. Calculate v(c).
9
Let v be (6/(-9))/((-4)/(-6)) + (-35)/(-7). Let q(a) be the second derivative of -2*a**3/3 + 5*a**2/2 - 15*a. What is q(v)?
-11
Let k(y) be the third derivative of 5*y**4/8 + 49*y**3/2 + 4*y**2 - 30. Determine k(-10).
-3
Let j = -26 + 18. Let c = j + 2. Let y(q) = 45*q + 3. Let t(k) = 158*k + 10. Let p(m) = 2*t(m) - 7*y(m). Determine p(c).
-7
Let h(i) be the first derivative of 2/3*i**3 + 5*i**2 - 39 + 9*i. Determine h(-5).
9
Let u(i) be the first derivative of -34 + 3/2*i**2 + 2*i - 2/3*i**3. Suppose 0 = -0*w + 2*w - 6. Determine u(w).
-7
Let x(l) = -2*l**2 + l**3 + 5 + 15 - 13 - 6*l**2 + 7*l. Let p(a) = a**2 - 24*a + 87. Let r be p(20). What is x(r)?
7
Let d(b) = -9*b**2 - b. Let h(n) = 35*n**2 - 3*n + 9. Let w(s) = -4*d(s) - h(s). Let v be (7/(-1) - 1) + 0. Calculate w(v).
-1
Let l = -1739 - -1741. Let p(m) = 6*m - 4. Determine p(l).
8
Suppose -14*b + 12*b + 2 = 0. Let i(n) = -8*n + 0*n + 2*n**2 + 0*n**2 - 2*n + b. Let k(l) = -3*l**2 + 11*l. Let c(f) = 4*i(f) + 3*k(f). Determine c(-7).
4
Let d(j) = -j**3 - 45*j**2 + 102*j + 356. Let l be d(-47). Let q(x) = -4*x - 52. Calculate q(l).
28
Let p = 249 - 247. Let u(k) = 19*k - 19 + p + 19 - 3. Calculate u(1).
18
Let l = -3011 + 3021. Let h(v) = 16 - v**3 + 2*v**3 - 9*v**2 + 4*v - v - 15*v. Determine h(l).
-4
Let h(l) be the second derivative of 3*l**4/4 - l**3/6 + l**2/2 + 6354*l. Suppose -5*i - 3*j = -4*j - 7, 5*i - 11 = 3*j. What is h(i)?
9
Let n(s) = -3*s. Let c be 2/(6/(-5 + 2)). Let k be n(c). Let i(r) = 4 - 9*r + 0*r + 3*r + 3*r + 0*r. Determine i(k).
-5
Let l = 2359 - 2364. Let j(m) be the first derivative of -m**5/60 - 5*m**4/24 - 5*m**2/2 + 7. Let v(a) be the second derivative of j(a). Determine v(l).
0
Let q(x) = -2*x + 70. Let y be (-224)/(-6) + -2 + 15 + (-645)/45. What is q(y)?
-2
Let q(h) = 6*h**3 - 2*h**2 - 4*h - 18. Let l(i) = 5*i**3 - i**2 - 4*i - 15. Let j(b) = 5*l(b) - 4*q(b). Calculate j(-2).
9
Let z(k) = 6*k - 20. Let g be z(4). Let l(q) = -g*q - 3 - q + 2*q + 2*q. Let r = -3 - -1. Calculate l(r).
-1
Suppose 0 = 3*g - j + 5, 7 = -4*g + j - 0. Let t(v) = 2*v - 3. Let l(r) = -4*r + 2. Let k(y) = g*l(y) - 3*t(y). Calculate k(-4).
-3
Let j(a) = -a - 11. Let i(m) = -41*m + 42. Let v(h) = i(h) + 4*j(h). Give v(2).
-92
Let d(q) = 2*q + 6. Let i(g) = g**2 + 14*g + 6. Let t be i(-14). Let a(l) = 0 + 2 + 2 - l + t*l. Let h be a(-2). Determine d(h).
-6
Let f(q) = 18*q + 6*q**2 - 30*q**2 + 20*q**2 + 3. Let z be f(5). Let p(l) = 3*l + 13. Determine p(z).
-8
Let i(z) = 3*z - 7*z - 5 + 0*z + z. Let y(l) = l - 1. Let x(q) = -i(q) - 2*y(q). Let t = -191 - -181. Calculate x(t).
-3
Let t(z) = -z - 4. Let i(b) = -b - 3. Let d(j) = -8*i(j) + 5*t(j). What is d(-3)?
-5
Let u be (12 - 22 - -1 - -7)*10/(-2). Let i(s) = -s**3 + 9*s**2 + 13*s - 32. What is i(u)?
-2
Suppose 0 = 6*i + 54*i + 31*i + 455. Let y(g) = -g**3 - 2*g**2 + 8*g + 11. Calculate y(i).
46
Let c(w) = -6 - 40*w - 45*w + 105*w - 22*w. What is c(1)?
-8
Let u(b) be the first derivative of -31*b**2 - 192*b + 4308. What is u(-3)?
-6
Let u(m) = m**2 + 8*m + 4. Suppose 4*f - 46 = 27*f. Let v be (-14 - f)*43/86. Determine u(v).
-8
Let t be (-4 - (-4)/1)/(-2). Suppose t = 4*h + 11 + 13. Let p(i) = 3*i + 8. Calculate p(h).
-10
Let b(s) = -s**2 - 1. Let v(c) = -19 - 14*c - 71*c**2 - 64*c**2 + 131*c**2. Let t(y) = 3*b(y) - v(y). Calculate t(-12).
-8
Suppose 4*w - 2*g = 2*g + 144, -78 = -2*w - g. Let j(h) = 10*h + 43 - 11*h - w. What is j(7)?
-2
Let v(g) = -g - 9. Let d be v(-11). Let w(z) = -4 - d + 0 + 5*z - 1. Let y(s) = -15*s + 21. Let m(p) = -11*w(p) - 4*y(p). What is m(5)?
18
Let g(h) be the second derivative of -h**4/24 - 17*h**3/6 + 23*h**2 - 3*h + 11. Let r(q) be the first derivative of g(q). Calculate r(-12).
-5
Let j(q) = -q**3 + 27*q**2 - q + 26. Suppose 67*c + 5*a + 64 = 69*c, 5*c = -3*a + 129. Determine j(c).
-1
Let b be 7*4*(-7)/28. Let v be b/1*(31 + -32). Let y(o) = -o + 2. Calculate y(v).
-5
Suppose -24 = 859*a - 865*a. Let h(k) = -23*k**3 - 4*k**2 + 5*k - 7. Let y(b) = -24*b**3 - 3*b**2 + 4*b - 5. Let p(l) = a*y(l) - 3*h(l). What is p(-1)?
27
Suppose 0 = -4*x + 244 + 816. Let f(a) = -137*a + a**2 + 3 - 129*a + x*a. Give f(-3).
15
Let l(i) = -i**3 - 2*i**2 + i - 1. Suppose 23 - 13 = 5*b. Suppose 0*y = 3*y + 9, -b*h - 46 = 2*y. Let w = -18 - h. Give l(w).
-15
Suppose 4*b + 17*b = 17472. Let z = 834 - b. Let f(h) = -2*h - 2*h - 5*h. Determine f(z).
-18
Suppose -4*y = 5*c + 23, 4*c - 2*y + 13 = -21. Let u = c + 3. Let x(f) be the third derivative of -f**4/24 + f**3/6 + 322*f**2. Give x(u).
5
Let n(t) = -t**2 - t. Let i(v) = -6*v**2 - 9*v. Let j(y) = i(y) - 12*n(y). Suppose 2*p - 5*z + 32 = -87, -263 = 4*p - 5*z. Let h = 70 + p. Give j(h).
18
Let k(q) be the third derivative of 0 - 1/60*q**5 + q**3 + 1/8*q**4 + 0*q + 3*q**2. Let x be (-48)/(-56)*(5 + 2). What is k(x)?
-12
Suppose -8*d + 4*r - 5 = -5*d, -5 = -5*d + 4*r. Let m(i) = -i**2 - 7*i + 2. Let n be m(-7). Let f(w) = -w**2 + 2*w - 3*w**n + 3*w**2 + 8 - 1. Give f(d).
-8
Let b(n) = -n + 43. Let p(z) = 5*z - 216. Let y(d) = -11*b(d) - 2*p(d). Determine y(0).
-41
Let j(c) = c**2 + 7*c - 8. Suppose 0 = -3*o + 354 - 57. Suppose -27 = -12*q - o. What is j(q)?
-14
Let n be (4/(-7))/(8/(-56) + (-3)/(-7)). Let c(a) = 3*a**3 - 3*a**2 - 13*a. Determine c(n).
-10
Let k(p) = 23*p**3 - 20*p**2 + 109*p + 117. Let b(a) = 18*a**3 - 15*a**2 + 84*a + 88. Let l(s) = -9*b(s) + 7*k(s). Determine l(-6).
21
Let m(a) = -a**3 + 8*a**2 - 15*a + 14. Let j be m(5). Let n(l) be the second derivative of l**4/12 - 7*l**3/3 + l**2/2 + 20*l + 2. What is n(j)?
1
Let d(c) = 10*c**2 - 226*c - 75. Let q be d(23). Let p(u) = -u**2 + 16*u + 17. Calculate p(q).
0
Let m(r) = -r**3 - 11*r**2 - 8*r + 11. Let d be 18/2 + -22 - (-5 - (-7 + 5)). Give m(d).
-9
Let r(k) = k**3 + 5*k**2 - 13*k + 1. Let y be r(-7). Let s(x) = 3583*x**2 + 3580*x**2 - 7 - 10*x - 7164*x**2. Determine s(y).
17
Suppose 2205*y - 2211*y = -36. Let k(d) = -109*d - d**2 + 5 - 106*d + 220*d. Determine k(y).
-1
Let j = 48 - 46. Let t(x) be the first derivative of -1/4*x